06 = -33. Is b a prime number?
True
Let u be (-28)/16*20/(-5). Suppose 0 = u*h - 22821 - 25157. Let o = -4575 + h. Is o a composite number?
True
Let f(a) be the first derivative of 17*a - 15 + 45/2*a**2. Is f(16) a prime number?
False
Let h(s) = -84*s**3 + 30*s**2 + 145. Is h(-24) composite?
False
Let x(n) be the second derivative of 111*n**5 + 2*n**4/3 - 4*n**3/3 + n**2/2 - 59*n. Is x(1) a prime number?
True
Let i(m) = 218*m**2 - 5*m + 5. Let c(r) = -2*r**2 - 2*r - 4. Let o be c(-2). Is i(o) a composite number?
False
Let l = 1877 + 973. Suppose -2287 = -2*s - 5*x, 4*s + 2*x = 1716 + l. Is s composite?
True
Suppose -5*y + 9 = -2*y. Suppose 0 = -3*z - 9, -3*g + 0*z = -y*z - 6396. Is g a prime number?
True
Is 8/10 - (-5030)/(-25)*2841/(-6) composite?
True
Let r(h) = h**2 + 5*h - 12. Let z be r(-7). Suppose -x + 16380 = -z*f + 7*f, -x = -4*f + 13113. Is f prime?
False
Suppose 2*m = 4*j - m + 169, 0 = -2*m - 10. Let b = 53 + j. Suppose 15*y = b*y + 568. Is y prime?
True
Let t(d) = 74*d**2 + 2*d - 103. Suppose 0 = -h - f - 5 - 4, -4*h - 5*f - 36 = 0. Is t(h) a composite number?
True
Suppose 2135 = -4*a - 3445. Is (4 - (a - 6)) + -6 composite?
False
Let q be 1 - 1 - (0 - -1). Let u be 1 + q - -1437 - -4. Suppose 0 = -4*l + w + 4995, -u - 4802 = -5*l + 2*w. Is l a composite number?
False
Let p(r) = -r**3 + 32*r**2 - 31*r - 68. Let k be p(32). Let s(y) = 8*y**3 - y**2 - 7*y - 3. Let v be s(6). Let b = v + k. Is b a prime number?
True
Let z = 533 + -490. Let l = 804 - z. Is l a composite number?
False
Let c = 13759 - 34327. Let h = -8206 - c. Suppose -h = 3*x - 10*x. Is x a prime number?
False
Let v(x) = 24*x + 2*x**2 + 22 - 15*x - 4*x. Is v(-19) a composite number?
True
Suppose 129*i - 5097 = -k + 133*i, 3*i - 20331 = -4*k. Suppose -x - 1780 - 106 = -4*q, -x = 2*q + 1880. Let p = x + k. Is p a prime number?
True
Let b = 245 - 260. Let o(a) = 6*a**2 + 16*a - 31. Is o(b) prime?
False
Let h = -177149 + 306318. Is h a prime number?
True
Is (-60614)/(-8)*24/9*33/22 a composite number?
False
Let g(l) = 103*l**2 + 17*l + 1. Let u = -116 + 123. Is g(u) prime?
True
Let g(f) = 59*f - 66. Let w(k) = 20*k - 22. Let c(u) = -3*g(u) + 8*w(u). Suppose -78 = -36*l - 510. Is c(l) composite?
True
Suppose 3*r - 7 = g, -11 = r - 2*r - 4*g. Suppose -r*j = 3*t - 2*j - 7672, -j + 2554 = t. Is t composite?
True
Let q be (0/1 + (69 - 2))/(-1). Let p = 130 + q. Let l = 178 - p. Is l composite?
True
Suppose -5*b + 1553 + 2167 = 0. Let h = b + 459. Is h prime?
False
Suppose -1185*v - 12245311 = 1182*v - 2380*v. Is v composite?
False
Suppose 95*t - 64187345 = -110*t. Is t prime?
True
Let p be ((-1053)/36)/13*13042*-2. Suppose 611*q + p = 620*q. Is q a prime number?
True
Let l = -21700 + 37809. Is l prime?
False
Let v be -2*(4 - (0 + 1)). Let g be 5*(-4)/v*-147. Let l = 1137 + g. Is l prime?
True
Suppose 5*g - 15 = 0, 3*z - 6*g = -5*g - 6. Is 221408/40 + z - (-2)/(-10) a prime number?
False
Suppose 2*a = -w + 43, -4*a + 56*w - 53*w = -61. Let z = a + 122. Is z a prime number?
False
Let c be 4169675/34 - (1/2 + -2). Suppose 0 = -61*d + 50*d + c. Is d composite?
False
Let b be 52/9 - 4/(-18). Let l be 2/9*-6*(-9)/b. Suppose -l*a - a + 885 = 0. Is a composite?
True
Let a = 597504 - 216667. Is a a composite number?
False
Is -4*(-57)/304 - 5161/(-4) a prime number?
True
Let b = -1575 + 1662. Suppose c = 2*w + 220 + 473, 4*w + 1371 = -c. Let s = b - w. Is s a prime number?
True
Let y(g) = 27*g**2 - 23*g - 7. Let c be y(20). Suppose -7*a + 468 + c = 0. Is a a composite number?
False
Suppose -5*k + p + 6 = 0, -3*k - 18 = 3*p - 36. Suppose -5*l + 6*v - v = -9880, -1979 = -l + k*v. Is l a prime number?
True
Suppose 190 = 15*m + 10. Suppose z - 3*i = 5488, 3*i = -i + m. Is z composite?
True
Suppose -23*i + 1424930 = -6391367. Is i a prime number?
True
Let c(i) = 5*i + 94. Let h be c(-19). Let m(w) = -9568*w**3 + 2*w + 3. Is m(h) a composite number?
True
Let k be -3 - (4 - -181)/(-5)*17. Suppose -1270 - 30 = -4*v + 2*z, 0 = 2*v + 5*z - k. Is v prime?
False
Let m(u) = -u + 25. Let g be m(13). Let r(j) = 2*j**2 + g*j + 0*j**2 + 3 + 11 + 15. Is r(-10) a composite number?
False
Let h be 4*(3*27/(-6))/(-6). Let s be (-3)/h*-3 - 0. Is -1 - (s - 2) - (-289 - 6) a prime number?
False
Let l(h) = 1093*h**3 + 32*h**2 - 3*h + 11. Is l(6) a composite number?
False
Suppose -32*f - 3*f - 148290 = -506935. Is f a composite number?
False
Let n(k) = -k**3 - 16*k**2 + 21*k + 21. Suppose -20 = -4*p, 3*f - 17 = 4*p + 53. Suppose -f - 24 = 3*l. Is n(l) a prime number?
False
Let f = -631256 + 1084485. Is f prime?
False
Let d(v) = -v**2 + 3*v + 15. Let u be d(5). Let f = -3 + u. Is 4 + (-658)/f*-7 prime?
False
Suppose -251573 = -3*u + 4*r, -10*r - 83826 = -u - 15*r. Is u composite?
True
Let l(r) = 28696*r - 461. Is l(12) a prime number?
True
Let f(o) = -o**3 + 14*o**2 - 9*o - 13. Let d be f(13). Let b = d + -35. Suppose 9 = 3*s, -4*h - b*s + 4784 = -2*h. Is h prime?
False
Let s = -102 + 110. Suppose u - 3248 = s*u. Let n = -45 - u. Is n a prime number?
True
Let u(z) = 117*z**3 + 66*z**2 - 20*z - 19. Is u(6) prime?
True
Let r(f) = -849*f**3 + 11*f**2 + 21*f + 257. Is r(-8) composite?
False
Let z = -1196 + 3774. Let g = z + -1583. Suppose 3*x - g = 556. Is x a prime number?
False
Let a(f) = -6*f - 5. Let s be a(-2). Let j be (-1)/(-5) + s + (-4576)/(-20). Suppose 25 = -v + j. Is v composite?
False
Let b(i) = 63062*i - 299. Is b(5) prime?
True
Let s be ((-36)/54)/(2/30318). Let r = s + 15469. Is r a prime number?
False
Suppose -14*i + 23*w - 19*w = -219618, i - 15706 = 3*w. Is i a prime number?
False
Suppose 4*g - 1771285 = -55*t + 52*t, 2*g + 1180866 = 2*t. Is t composite?
False
Suppose -76*x + 80*x - 12 = 0. Suppose 4*i + 2*n = -n - x, -5*n - 40 = -5*i. Suppose 0 = 3*z + 5*h + 45 - 148, 0 = 2*z + i*h - 68. Is z a prime number?
True
Let d = -3160 + 4696. Let n = d - 1059. Let x = 572 + n. Is x prime?
True
Suppose 2*y + 4 = -3*c, 2*c - 5*y = 4 - 32. Is ((-5)/15 - (-1137)/(-18))*c a composite number?
True
Let m(v) = 34*v**2 + 74*v + 1723. Is m(81) prime?
False
Let s(l) = 178*l**2 + 62*l + 71. Is s(-17) composite?
False
Suppose -1499402 = -15*m - 242042. Suppose 10*b - 366534 = -m. Is b a composite number?
True
Let c(u) = -6 - 10*u**2 - 2*u**3 - 3*u + 27 + 14*u. Suppose 3*p + 32 = -p. Is c(p) a prime number?
True
Let f(k) = 204*k**3 + 15*k**2 + 12*k - 137. Is f(6) prime?
False
Let a = -1510 + 9232. Suppose 10*x = -3*x - a. Let n = x + 1173. Is n a prime number?
False
Let g(r) = -889*r**3 - 2*r + 1. Let m = -60 + 61. Let z be g(m). Is z/(-4) - 13/(-26) a composite number?
False
Suppose -2*n + 5*a = -15, 2*n + a = -2*a + 39. Suppose 0 = -26*w - 5116 + 17648. Suppose -n = d - w. Is d a prime number?
True
Let i(f) = -145*f**3 + 14*f**2 + 35*f + 197. Is i(-9) a prime number?
True
Let n(d) = d + 4. Suppose -5*v = 4*v + 72. Let l be n(v). Is (-6)/(-24) - 3715/l prime?
True
Let g = 66732 + -7151. Is g a prime number?
True
Let w(d) = 20*d**2 - 2*d + 3. Let v be w(4). Suppose -4*p - y = -v, 7*p - 11*p = -4*y - 320. Is p prime?
True
Let n(u) = -44*u**2 - 17*u - 44. Let p be n(-7). Let i = 2950 + p. Is i prime?
False
Let r = -43075 - -81588. Is r a prime number?
False
Suppose 20*u - 18*u + 8 = 0. Is 104232/56 - (0 - u/14) a composite number?
False
Is (132537712/(-52))/(-2) + (-17)/221 prime?
True
Suppose -4*z - 3*w - 41 = 34, -5*z = -3*w + 60. Is (-17610)/z - (6 + -1) a composite number?
True
Let b = 128775 + -49760. Is b prime?
False
Let f be (0/1)/(-2) - (-45)/(-15). Let t(z) = -1370*z - 12. Let i be t(f). Suppose 4*a = 4*o + 2*a - 5466, -i = -3*o + 3*a. Is o prime?
True
Suppose 13*a = 16*a - 834. Suppose -3*d - 15 = 0, -2*d = -u + 3*d + a. Is u a composite number?
True
Let c = -1234 + 183. Let y = c - -3302. Is y a composite number?
False
Let s(c) = 2*c**2 - c. Let v(b) = -7*b**2 + 19*b + 22. Let g(h) = -3*s(h) - v(h). Is g(-27) prime?
False
Let x be -2*10/4 - -2444. Suppose 0 = -8*q + x + 7457. Is q a prime number?
True
Suppose -5*j + 7*k - 8*k = -7959, 6369 = 4*j - k. Suppose 136*w = 128*w + j. Is w prime?
True
Let i = 137 - 123. Suppose 6199 - 641 = i*g. Is g a composite number?
False
Let l = 380 + -376. Suppose -z + 2*r = -1115, -z + 224 = -l*r - 891. Is z a prime number?
False
Suppose -8734 - 4992 = -2*k. Is (2*k/8)/((-1